{"id":509,"date":"2022-03-24T16:39:16","date_gmt":"2022-03-24T15:39:16","guid":{"rendered":"http:\/\/eriget.com\/?page_id=509"},"modified":"2026-05-15T07:59:39","modified_gmt":"2026-05-15T05:59:39","slug":"formulaire","status":"publish","type":"page","link":"https:\/\/eriget.com\/index.php\/formulaire\/","title":{"rendered":"formulaire"},"content":{"rendered":"\t\t<div data-elementor-type=\"wp-page\" data-elementor-id=\"509\" class=\"elementor elementor-509\">\n\t\t\t\t\t\t<section class=\"elementor-section elementor-top-section elementor-element elementor-element-03ae94d elementor-section-boxed elementor-section-height-default elementor-section-height-default\" data-id=\"03ae94d\" data-element_type=\"section\" data-e-type=\"section\">\n\t\t\t\t\t\t<div class=\"elementor-container elementor-column-gap-default\">\n\t\t\t\t\t<div class=\"elementor-column elementor-col-100 elementor-top-column elementor-element elementor-element-225bc2b\" data-id=\"225bc2b\" data-element_type=\"column\" data-e-type=\"column\">\n\t\t\t<div class=\"elementor-widget-wrap elementor-element-populated\">\n\t\t\t\t\t\t<div class=\"elementor-element elementor-element-78ee9a4 elementor-widget elementor-widget-heading\" data-id=\"78ee9a4\" data-element_type=\"widget\" data-e-type=\"widget\" data-widget_type=\"heading.default\">\n\t\t\t\t<div class=\"elementor-widget-container\">\n\t\t\t\t\t<h2 class=\"elementor-heading-title elementor-size-default\">Vous pensez que nous pouvons construire ensemble ?<\/h2>\t\t\t\t<\/div>\n\t\t\t\t<\/div>\n\t\t\t\t\t<\/div>\n\t\t<\/div>\n\t\t\t\t\t<\/div>\n\t\t<\/section>\n\t\t\t\t<section class=\"elementor-section elementor-top-section elementor-element elementor-element-6895394 elementor-section-boxed elementor-section-height-default elementor-section-height-default\" data-id=\"6895394\" data-element_type=\"section\" data-e-type=\"section\">\n\t\t\t\t\t\t<div class=\"elementor-container elementor-column-gap-default\">\n\t\t\t\t\t<div class=\"elementor-column elementor-col-100 elementor-top-column elementor-element elementor-element-4304b62\" data-id=\"4304b62\" data-element_type=\"column\" data-e-type=\"column\">\n\t\t\t<div class=\"elementor-widget-wrap elementor-element-populated\">\n\t\t\t\t\t\t<div class=\"elementor-element elementor-element-72bdfc8 elementor-widget elementor-widget-heading\" data-id=\"72bdfc8\" data-element_type=\"widget\" data-e-type=\"widget\" data-widget_type=\"heading.default\">\n\t\t\t\t<div class=\"elementor-widget-container\">\n\t\t\t\t\t<h2 class=\"elementor-heading-title elementor-size-default\">Contactez moi !<\/h2>\t\t\t\t<\/div>\n\t\t\t\t<\/div>\n\t\t\t\t\t<\/div>\n\t\t<\/div>\n\t\t\t\t\t<\/div>\n\t\t<\/section>\n\t\t\t\t<section class=\"elementor-section elementor-top-section elementor-element elementor-element-7063919 elementor-section-boxed elementor-section-height-default elementor-section-height-default\" data-id=\"7063919\" data-element_type=\"section\" data-e-type=\"section\">\n\t\t\t\t\t\t<div class=\"elementor-container elementor-column-gap-default\">\n\t\t\t\t\t<div class=\"elementor-column elementor-col-100 elementor-top-column elementor-element elementor-element-825a354\" data-id=\"825a354\" data-element_type=\"column\" data-e-type=\"column\">\n\t\t\t<div class=\"elementor-widget-wrap elementor-element-populated\">\n\t\t\t\t\t\t<div class=\"elementor-element elementor-element-074981d elementor-widget elementor-widget-image\" data-id=\"074981d\" data-element_type=\"widget\" data-e-type=\"widget\" data-widget_type=\"image.default\">\n\t\t\t\t<div class=\"elementor-widget-container\">\n\t\t\t\t\t\t\t\t\t\t\t\t\t\t\t<img decoding=\"async\" src=\"https:\/\/eriget.com\/wp-content\/uploads\/2022\/04\/Profil-contact.png\" title=\"\" alt=\"\" loading=\"lazy\" \/>\t\t\t\t\t\t\t\t\t\t\t\t\t\t\t<\/div>\n\t\t\t\t<\/div>\n\t\t\t\t<div class=\"elementor-element elementor-element-92b9afd elementor-widget elementor-widget-wpforms\" data-id=\"92b9afd\" data-element_type=\"widget\" data-e-type=\"widget\" data-widget_type=\"wpforms.default\">\n\t\t\t\t<div class=\"elementor-widget-container\">\n\t\t\t\t\t<div class=\"wpforms-container wpforms-container-full\" id=\"wpforms-1054\"><form id=\"wpforms-form-1054\" class=\"wpforms-validate wpforms-form wpforms-ajax-form\" data-formid=\"1054\" method=\"post\" enctype=\"multipart\/form-data\" action=\"\/index.php\/wp-json\/wp\/v2\/pages\/509\" data-token=\"e3f53d27a0ee08beb8e1a4be35233f84\" data-token-time=\"1778995784\"><noscript class=\"wpforms-error-noscript\">Veuillez activer JavaScript dans votre navigateur pour remplir ce formulaire.<\/noscript><div class=\"wpforms-field-container\"><div id=\"wpforms-1054-field_0-container\" class=\"wpforms-field wpforms-field-name\" data-field-id=\"0\"><label class=\"wpforms-field-label\">Nom <span class=\"wpforms-required-label\">*<\/span><\/label><div class=\"wpforms-field-row wpforms-field-large\"><div class=\"wpforms-field-row-block wpforms-first wpforms-one-half\"><input type=\"text\" id=\"wpforms-1054-field_0\" class=\"wpforms-field-name-first wpforms-field-required\" name=\"wpforms[fields][0][first]\" required><label for=\"wpforms-1054-field_0\" class=\"wpforms-field-sublabel after\">Pr\u00e9nom<\/label><\/div><div class=\"wpforms-field-row-block wpforms-one-half\"><input type=\"text\" id=\"wpforms-1054-field_0-last\" class=\"wpforms-field-name-last wpforms-field-required\" name=\"wpforms[fields][0][last]\" required><label for=\"wpforms-1054-field_0-last\" class=\"wpforms-field-sublabel after\">Nom<\/label><\/div><\/div><\/div><div id=\"wpforms-1054-field_6-container\" class=\"wpforms-field wpforms-field-text\" data-field-id=\"6\"><label class=\"wpforms-field-label\" for=\"wpforms-1054-field_6\">Soci\u00e9t\u00e9<\/label><input type=\"text\" id=\"wpforms-1054-field_6\" class=\"wpforms-field-medium\" name=\"wpforms[fields][6]\" ><\/div><div id=\"wpforms-1054-field_1-container\" class=\"wpforms-field wpforms-field-email\" data-field-id=\"1\"><label class=\"wpforms-field-label\" for=\"wpforms-1054-field_1\">Email <span class=\"wpforms-required-label\">*<\/span><\/label><input type=\"email\" id=\"wpforms-1054-field_1\" class=\"wpforms-field-medium wpforms-field-required\" name=\"wpforms[fields][1]\" spellcheck=\"false\" required><\/div><div id=\"wpforms-1054-field_2-container\" class=\"wpforms-field wpforms-field-textarea\" data-field-id=\"2\"><label class=\"wpforms-field-label\" for=\"wpforms-1054-field_2\">Votre message <span class=\"wpforms-required-label\">*<\/span><\/label><textarea id=\"wpforms-1054-field_2\" class=\"wpforms-field-medium wpforms-field-required\" name=\"wpforms[fields][2]\" required><\/textarea><\/div><\/div><!-- .wpforms-field-container --><div class=\"wpforms-recaptcha-container wpforms-is-recaptcha wpforms-is-recaptcha-type-v2\" ><div class=\"g-recaptcha\" data-sitekey=\"6LdVB8spAAAAAKgnA0Rsb9Y4rLBd4eRN14lt69sl\"><\/div><input type=\"text\" name=\"g-recaptcha-hidden\" class=\"wpforms-recaptcha-hidden\" style=\"position:absolute!important;clip:rect(0,0,0,0)!important;height:1px!important;width:1px!important;border:0!important;overflow:hidden!important;padding:0!important;margin:0!important;\" data-rule-recaptcha=\"1\"><\/div><div class=\"wpforms-submit-container\" ><input type=\"hidden\" name=\"wpforms[id]\" value=\"1054\"><input type=\"hidden\" name=\"page_title\" value=\"\"><input type=\"hidden\" name=\"page_url\" value=\"https:\/\/eriget.com\/index.php\/wp-json\/wp\/v2\/pages\/509\"><input type=\"hidden\" name=\"url_referer\" value=\"\"><button type=\"submit\" name=\"wpforms[submit]\" id=\"wpforms-submit-1054\" class=\"wpforms-submit\" data-alt-text=\"Sending...\" data-submit-text=\"Envoyer\" aria-live=\"assertive\" value=\"wpforms-submit\">Envoyer<\/button><img decoding=\"async\" src=\"https:\/\/eriget.com\/wp-content\/plugins\/wpforms-lite\/assets\/images\/submit-spin.svg\" class=\"wpforms-submit-spinner\" style=\"display: none;\" width=\"26\" height=\"26\" alt=\"Chargement en cours\"><\/div><\/form><\/div>  <!-- .wpforms-container -->\t\t\t\t<\/div>\n\t\t\t\t<\/div>\n\t\t\t\t<div class=\"elementor-element elementor-element-24a601b elementor-widget elementor-widget-image\" data-id=\"24a601b\" data-element_type=\"widget\" data-e-type=\"widget\" data-widget_type=\"image.default\">\n\t\t\t\t<div class=\"elementor-widget-container\">\n\t\t\t\t\t\t\t\t\t\t\t\t\t\t\t<img fetchpriority=\"high\" decoding=\"async\" width=\"768\" height=\"773\" src=\"https:\/\/eriget.com\/wp-content\/uploads\/2022\/05\/medaillon-2-768x773.png\" class=\"attachment-medium_large size-medium_large wp-image-1689\" alt=\"\" srcset=\"https:\/\/eriget.com\/wp-content\/uploads\/2022\/05\/medaillon-2-768x773.png 768w, https:\/\/eriget.com\/wp-content\/uploads\/2022\/05\/medaillon-2-298x300.png 298w, https:\/\/eriget.com\/wp-content\/uploads\/2022\/05\/medaillon-2-1018x1024.png 1018w, https:\/\/eriget.com\/wp-content\/uploads\/2022\/05\/medaillon-2-150x150.png 150w, https:\/\/eriget.com\/wp-content\/uploads\/2022\/05\/medaillon-2-1526x1536.png 1526w, https:\/\/eriget.com\/wp-content\/uploads\/2022\/05\/medaillon-2-2035x2048.png 2035w, https:\/\/eriget.com\/wp-content\/uploads\/2022\/05\/medaillon-2-1024x1030.png 1024w, https:\/\/eriget.com\/wp-content\/uploads\/2022\/05\/medaillon-2-1073x1080.png 1073w\" sizes=\"(max-width: 768px) 100vw, 768px\" \/>\t\t\t\t\t\t\t\t\t\t\t\t\t\t\t<\/div>\n\t\t\t\t<\/div>\n\t\t\t\t<div class=\"elementor-element elementor-element-e4ee28b elementor-widget elementor-widget-heading\" data-id=\"e4ee28b\" data-element_type=\"widget\" data-e-type=\"widget\" data-widget_type=\"heading.default\">\n\t\t\t\t<div class=\"elementor-widget-container\">\n\t\t\t\t\t<h2 class=\"elementor-heading-title elementor-size-default\">Val\u00e9rie Delande<\/h2>\t\t\t\t<\/div>\n\t\t\t\t<\/div>\n\t\t\t\t\t<\/div>\n\t\t<\/div>\n\t\t\t\t\t<\/div>\n\t\t<\/section>\n\t\t\t\t<\/div>\n\t\t","protected":false},"excerpt":{"rendered":"<p>Vous pensez que nous pouvons construire ensemble ? Contactez moi ! Veuillez activer JavaScript dans votre navigateur pour remplir ce formulaire.Nom *Pr\u00e9nomNomSoci\u00e9t\u00e9Email *Votre message * Envoyer Val\u00e9rie Delande<\/p>\n","protected":false},"author":2,"featured_media":1703,"parent":0,"menu_order":0,"comment_status":"closed","ping_status":"closed","template":"","meta":{"footnotes":""},"class_list":["post-509","page","type-page","status-publish","has-post-thumbnail","hentry"],"yoast_head":"<!-- This site is optimized with the Yoast SEO plugin v27.6 - https:\/\/yoast.com\/product\/yoast-seo-wordpress\/ -->\n<title>formulaire - ERIGET - Transformation des entreprises<\/title>\n<meta name=\"robots\" content=\"index, follow, max-snippet:-1, max-image-preview:large, max-video-preview:-1\" \/>\n<link rel=\"canonical\" href=\"https:\/\/eriget.com\/index.php\/formulaire\/\" \/>\n<meta property=\"og:locale\" content=\"fr_FR\" \/>\n<meta property=\"og:type\" content=\"article\" \/>\n<meta property=\"og:title\" content=\"formulaire - ERIGET - Transformation des entreprises\" \/>\n<meta property=\"og:description\" content=\"Vous pensez que nous pouvons construire ensemble ? Contactez moi ! Veuillez activer JavaScript dans votre navigateur pour remplir ce formulaire.Nom *Pr\u00e9nomNomSoci\u00e9t\u00e9Email *Votre message * Envoyer Val\u00e9rie Delande\" \/>\n<meta property=\"og:url\" content=\"https:\/\/eriget.com\/index.php\/formulaire\/\" \/>\n<meta property=\"og:site_name\" content=\"ERIGET - Transformation des entreprises\" \/>\n<meta property=\"article:modified_time\" content=\"2026-05-15T05:59:39+00:00\" \/>\n<meta property=\"og:image\" content=\"https:\/\/eriget.com\/wp-content\/uploads\/2022\/05\/bandeau-3-1024x388.png\" \/>\n\t<meta property=\"og:image:width\" content=\"1024\" \/>\n\t<meta property=\"og:image:height\" content=\"388\" \/>\n\t<meta property=\"og:image:type\" content=\"image\/png\" \/>\n<meta name=\"twitter:card\" content=\"summary_large_image\" \/>\n<meta name=\"twitter:label1\" content=\"Dur\u00e9e de lecture estim\u00e9e\" \/>\n\t<meta name=\"twitter:data1\" content=\"1 minute\" \/>\n<script type=\"application\/ld+json\" class=\"yoast-schema-graph\">{\"@context\":\"https:\\\/\\\/schema.org\",\"@graph\":[{\"@type\":\"WebPage\",\"@id\":\"https:\\\/\\\/eriget.com\\\/index.php\\\/formulaire\\\/\",\"url\":\"https:\\\/\\\/eriget.com\\\/index.php\\\/formulaire\\\/\",\"name\":\"formulaire - ERIGET - Transformation des entreprises\",\"isPartOf\":{\"@id\":\"https:\\\/\\\/eriget.com\\\/#website\"},\"primaryImageOfPage\":{\"@id\":\"https:\\\/\\\/eriget.com\\\/index.php\\\/formulaire\\\/#primaryimage\"},\"image\":{\"@id\":\"https:\\\/\\\/eriget.com\\\/index.php\\\/formulaire\\\/#primaryimage\"},\"thumbnailUrl\":\"https:\\\/\\\/eriget.com\\\/wp-content\\\/uploads\\\/2022\\\/05\\\/bandeau-3.png\",\"datePublished\":\"2022-03-24T15:39:16+00:00\",\"dateModified\":\"2026-05-15T05:59:39+00:00\",\"breadcrumb\":{\"@id\":\"https:\\\/\\\/eriget.com\\\/index.php\\\/formulaire\\\/#breadcrumb\"},\"inLanguage\":\"fr-FR\",\"potentialAction\":[{\"@type\":\"ReadAction\",\"target\":[\"https:\\\/\\\/eriget.com\\\/index.php\\\/formulaire\\\/\"]}]},{\"@type\":\"ImageObject\",\"inLanguage\":\"fr-FR\",\"@id\":\"https:\\\/\\\/eriget.com\\\/index.php\\\/formulaire\\\/#primaryimage\",\"url\":\"https:\\\/\\\/eriget.com\\\/wp-content\\\/uploads\\\/2022\\\/05\\\/bandeau-3.png\",\"contentUrl\":\"https:\\\/\\\/eriget.com\\\/wp-content\\\/uploads\\\/2022\\\/05\\\/bandeau-3.png\",\"width\":6240,\"height\":2365},{\"@type\":\"BreadcrumbList\",\"@id\":\"https:\\\/\\\/eriget.com\\\/index.php\\\/formulaire\\\/#breadcrumb\",\"itemListElement\":[{\"@type\":\"ListItem\",\"position\":1,\"name\":\"Accueil\",\"item\":\"https:\\\/\\\/eriget.com\\\/\"},{\"@type\":\"ListItem\",\"position\":2,\"name\":\"formulaire\"}]},{\"@type\":\"WebSite\",\"@id\":\"https:\\\/\\\/eriget.com\\\/#website\",\"url\":\"https:\\\/\\\/eriget.com\\\/\",\"name\":\"ERIGET - Transformation des entreprises\",\"description\":\"D\u00e9couvrez l&#039;activateur de croissance Addenel\",\"potentialAction\":[{\"@type\":\"SearchAction\",\"target\":{\"@type\":\"EntryPoint\",\"urlTemplate\":\"https:\\\/\\\/eriget.com\\\/?s={search_term_string}\"},\"query-input\":{\"@type\":\"PropertyValueSpecification\",\"valueRequired\":true,\"valueName\":\"search_term_string\"}}],\"inLanguage\":\"fr-FR\"}]}<\/script>\n<!-- \/ Yoast SEO plugin. -->","yoast_head_json":{"title":"formulaire - ERIGET - Transformation des entreprises","robots":{"index":"index","follow":"follow","max-snippet":"max-snippet:-1","max-image-preview":"max-image-preview:large","max-video-preview":"max-video-preview:-1"},"canonical":"https:\/\/eriget.com\/index.php\/formulaire\/","og_locale":"fr_FR","og_type":"article","og_title":"formulaire - ERIGET - Transformation des entreprises","og_description":"Vous pensez que nous pouvons construire ensemble ? Contactez moi ! Veuillez activer JavaScript dans votre navigateur pour remplir ce formulaire.Nom *Pr\u00e9nomNomSoci\u00e9t\u00e9Email *Votre message * Envoyer Val\u00e9rie Delande","og_url":"https:\/\/eriget.com\/index.php\/formulaire\/","og_site_name":"ERIGET - Transformation des entreprises","article_modified_time":"2026-05-15T05:59:39+00:00","og_image":[{"width":1024,"height":388,"url":"https:\/\/eriget.com\/wp-content\/uploads\/2022\/05\/bandeau-3-1024x388.png","type":"image\/png"}],"twitter_card":"summary_large_image","twitter_misc":{"Dur\u00e9e de lecture estim\u00e9e":"1 minute"},"schema":{"@context":"https:\/\/schema.org","@graph":[{"@type":"WebPage","@id":"https:\/\/eriget.com\/index.php\/formulaire\/","url":"https:\/\/eriget.com\/index.php\/formulaire\/","name":"formulaire - ERIGET - Transformation des entreprises","isPartOf":{"@id":"https:\/\/eriget.com\/#website"},"primaryImageOfPage":{"@id":"https:\/\/eriget.com\/index.php\/formulaire\/#primaryimage"},"image":{"@id":"https:\/\/eriget.com\/index.php\/formulaire\/#primaryimage"},"thumbnailUrl":"https:\/\/eriget.com\/wp-content\/uploads\/2022\/05\/bandeau-3.png","datePublished":"2022-03-24T15:39:16+00:00","dateModified":"2026-05-15T05:59:39+00:00","breadcrumb":{"@id":"https:\/\/eriget.com\/index.php\/formulaire\/#breadcrumb"},"inLanguage":"fr-FR","potentialAction":[{"@type":"ReadAction","target":["https:\/\/eriget.com\/index.php\/formulaire\/"]}]},{"@type":"ImageObject","inLanguage":"fr-FR","@id":"https:\/\/eriget.com\/index.php\/formulaire\/#primaryimage","url":"https:\/\/eriget.com\/wp-content\/uploads\/2022\/05\/bandeau-3.png","contentUrl":"https:\/\/eriget.com\/wp-content\/uploads\/2022\/05\/bandeau-3.png","width":6240,"height":2365},{"@type":"BreadcrumbList","@id":"https:\/\/eriget.com\/index.php\/formulaire\/#breadcrumb","itemListElement":[{"@type":"ListItem","position":1,"name":"Accueil","item":"https:\/\/eriget.com\/"},{"@type":"ListItem","position":2,"name":"formulaire"}]},{"@type":"WebSite","@id":"https:\/\/eriget.com\/#website","url":"https:\/\/eriget.com\/","name":"ERIGET - Transformation des entreprises","description":"D\u00e9couvrez l&#039;activateur de croissance Addenel","potentialAction":[{"@type":"SearchAction","target":{"@type":"EntryPoint","urlTemplate":"https:\/\/eriget.com\/?s={search_term_string}"},"query-input":{"@type":"PropertyValueSpecification","valueRequired":true,"valueName":"search_term_string"}}],"inLanguage":"fr-FR"}]}},"_links":{"self":[{"href":"https:\/\/eriget.com\/index.php\/wp-json\/wp\/v2\/pages\/509","targetHints":{"allow":["GET"]}}],"collection":[{"href":"https:\/\/eriget.com\/index.php\/wp-json\/wp\/v2\/pages"}],"about":[{"href":"https:\/\/eriget.com\/index.php\/wp-json\/wp\/v2\/types\/page"}],"author":[{"embeddable":true,"href":"https:\/\/eriget.com\/index.php\/wp-json\/wp\/v2\/users\/2"}],"replies":[{"embeddable":true,"href":"https:\/\/eriget.com\/index.php\/wp-json\/wp\/v2\/comments?post=509"}],"version-history":[{"count":51,"href":"https:\/\/eriget.com\/index.php\/wp-json\/wp\/v2\/pages\/509\/revisions"}],"predecessor-version":[{"id":2353,"href":"https:\/\/eriget.com\/index.php\/wp-json\/wp\/v2\/pages\/509\/revisions\/2353"}],"wp:featuredmedia":[{"embeddable":true,"href":"https:\/\/eriget.com\/index.php\/wp-json\/wp\/v2\/media\/1703"}],"wp:attachment":[{"href":"https:\/\/eriget.com\/index.php\/wp-json\/wp\/v2\/media?parent=509"}],"curies":[{"name":"wp","href":"https:\/\/api.w.org\/{rel}","templated":true}]}}